osite?
False
Let t be (14/4)/(5/10). Let p(r) = -2*r + 3*r**2 + t - 4*r**2 + 2*r**2 + 8*r. Is p(-8) a prime number?
True
Let x(c) = 6*c**2 + 2*c - 7. Let f(v) = 2*v**2 + v - 2. Let k(n) = -8*f(n) + 3*x(n). Suppose -5*i = -5*d + 30, -29 = -5*d + 2*i + 1. Is k(d) a composite number?
True
Is (10231/(-26))/((-2)/4) composite?
False
Suppose -w + 157 = 4*j, -4*j = -w - 3*j + 142. Is w composite?
True
Suppose -4*w = -13 + 1. Suppose -5*u + 12 = -w. Is (u/2)/((-4)/(-56)) composite?
True
Let v(k) = -k**3 + 3*k**2 + 3*k + 6. Let h be v(5). Suppose -4*s = 3*b - 124, -2*b - 2*s - 202 = -6*b. Let y = b + h. Is y composite?
False
Suppose -3*l - 2*l = -b + 289, 10 = 5*l. Is b a prime number?
False
Suppose -3*f - 12 = -2*y, 0 = -f + 2*y - 6*y + 10. Is f/(-3)*(-5244)/(-8) composite?
True
Let c = -16 + 143. Is c a prime number?
True
Suppose -f - 15 = u - 46, 4*u = f + 134. Is u a prime number?
False
Let z be (4 - 312)*(-3 + 0). Suppose -2*c + z = -0*c. Suppose 0 = 5*o - 0*s + 2*s - 573, 2*s = 4*o - c. Is o a prime number?
False
Let l be 3*-2 - -2 - 2. Let x = l + 25. Is x a composite number?
False
Let g = 480 + -243. Suppose 2*n = -2*n + 8. Suppose g = a + n*a. Is a prime?
True
Suppose l - 6 = 27. Is l a prime number?
False
Let w = 193 - -58. Is w composite?
False
Let v = 5 + -1. Suppose -5*j = 4*m - 4 + 2, -3*m - 8 = -j. Suppose -114 = -2*s - j*y, 0 - v = -2*y. Is s prime?
False
Suppose -c - 3*h + 1123 = 0, -4*c + 0*h + h + 4492 = 0. Is c a composite number?
False
Let z(s) = 26*s**2 - 10*s + 11. Is z(11) composite?
True
Let t(o) = -107*o - 3. Let l(b) = 161*b + 4. Let z(j) = -5*l(j) - 7*t(j). Let c(w) = -w**2 + 8*w - 8. Let a be c(7). Is z(a) prime?
False
Suppose -5 - 1 = -3*o, -2*o = 5*f + 101. Let h = -16 + 2. Let g = h - f. Is g composite?
False
Let a(u) = 6*u**2 - 7*u + 4. Let q be a(4). Let h = q + -17. Is h prime?
False
Suppose -a + 88 = 5*h, -82 = -a + h - 4*h. Let m = 171 - a. Suppose 351 = 5*b - 2*y - m, 4*b - 376 = -4*y. Is b a composite number?
True
Let g = -6 - -9. Suppose u = g*u - 74. Is u prime?
True
Suppose -5*c - 480 = -5*d, -2*c + 28 = -d + 123. Is d a prime number?
True
Suppose -2*n + 1 = -3. Suppose 0*z + n*z - 6 = 0. Is z composite?
False
Let r(j) = 10*j**3 - 2*j**2 - 5*j - 1. Is r(4) a prime number?
True
Let s be 74 - (-3 + 2)*1. Suppose -3*h + s = -3*t, -2*h + 29 = -5*t - 21. Is h a composite number?
True
Let h be -1 + (10*-3 - 2). Let f = h - -58. Suppose -f = -2*q - a, 3*a = -1 + 10. Is q composite?
False
Is (-1028)/6*(-22 - -19) a prime number?
False
Suppose -56 = 4*f - 240. Suppose -2*o = 52 + f. Is (-1 - 1)/(2/o) prime?
False
Let s(l) = 12*l**2 + l + 1. Let w be (1 - 0)/((-6)/(-12)). Suppose 4*y - 2*a + 12 = 0, -2*a - 2 = 4*y + w. Is s(y) composite?
False
Let o(v) = -v**3 - 15*v**2 + 7. Let p be o(-14). Let q = 316 + p. Is q a composite number?
False
Let q(k) = 25*k - 11. Is q(9) prime?
False
Suppose 3*t = -2*t + 1655. Is t prime?
True
Let s be (20/12)/((-1)/12). Is (-57)/(-5) - (-8)/s a composite number?
False
Suppose 0*j + 3*j = 237. Is j a composite number?
False
Let u be (-21)/6 - (-3)/6. Let j = 5 + u. Is -2 + (j + 127)/1 a composite number?
False
Suppose 2*s - 134 = -24. Is s a prime number?
False
Let n be (-1)/(((-1)/1)/4). Suppose -2*j + 2 = -0, n*j + 1252 = 4*m. Suppose -3*w + w + m = 0. Is w a prime number?
True
Suppose -2*i + 0*i = 3*s, 0 = s. Suppose i = 5*k - z - 141 - 12, 0 = 5*k - 5*z - 145. Is k prime?
True
Let b(h) = h**3 - 8*h**2 - 9*h + 2. Let k be b(9). Suppose -7*r - 12 = -3*r. Is (272/(-12))/(k/r) prime?
False
Let m = 4 - 4. Suppose m = t - 0*t. Suppose -740 = -t*x - 4*x. Is x prime?
False
Let o(x) = 2*x**2 + 4*x + 4. Let y be o(-4). Is 4/10 - (-612)/y composite?
False
Let a = 57 - -154. Is (a/(-2))/((-9)/18) a composite number?
False
Let u = 2914 + -1920. Suppose 39 - u = -5*o. Is o a prime number?
True
Let t(y) = 45*y + 3. Let u(l) = 15*l + 1. Let f(r) = -3*t(r) + 8*u(r). Is f(-5) composite?
True
Let k = 379 - -137. Suppose q = 4*n + 103, 5*q = -4*n - 73 + k. Is q a composite number?
True
Is (-184)/(-6)*255/10 - 1 a composite number?
True
Let t(z) = -6*z**2 + 3*z**2 + 7 + 2*z**2 + 11*z + 2*z. Is t(10) a composite number?
False
Let d = -522 + 1241. Is d a composite number?
False
Let z = 10360 - 4581. Is z a composite number?
False
Suppose -5*t = -4*v + 12, 2*t = v - t - 3. Is 124/(-2)*v/(-6) composite?
False
Suppose 0 = 5*k - 20, -5*b + 3*k + 7 + 11 = 0. Suppose 5*p - 2*p = b. Suppose c = p*c - 22. Is c a prime number?
False
Let q be (-2)/(-6) - 1106/42. Is (1*28)/(q/(-13)) prime?
False
Let m = -106 - -159. Suppose -3*p + m + 49 = 0. Suppose -99 = -2*q - d, -q + p = 2*d - 23. Is q a composite number?
False
Let j be (-1 - -1) + -39 - 0. Is (j/12 - 0)*-4 a composite number?
False
Suppose 6*v - 2*c = v + 46, 4*c + 2 = v. Suppose a - v = -4*a. Suppose 2*t + 0*t + 2 = 0, 5*m = a*t + 177. Is m composite?
True
Let b be 4/6 - 7/(-3). Let i = b - 1. Is ((-52)/16)/(i/(-40)) composite?
True
Suppose 0 = 2*d - 2*h, -12 = d - 3*d - 4*h. Suppose -d*b + 231 = b + y, 5*y = -b + 77. Is b prime?
False
Let o(m) = m**2 - 29*m + 6. Let b be o(13). Let g = b + 363. Is g a prime number?
False
Let m(x) = x**3 - 8*x**2 + 8*x - 8. Is m(9) composite?
True
Let w be ((-4)/(-6))/((-6)/(-18)). Suppose -2 = 2*s, -2*o = w*o - s - 2313. Suppose 3*t - 576 = -t - 4*z, -4*t - 2*z + o = 0. Is t composite?
True
Let i be (6/(-9))/(2/(-6)). Let x(q) = -i*q + 0*q + 3*q**2 + q - 3. Is x(3) composite?
True
Let p be 5*(-2 - (-28)/10). Let n(a) = 5*a + 6. Let d be n(5). Let i = d + p. Is i composite?
True
Let j = -6 + 9. Suppose 2*x + 5*o - 100 = 0, -x = -0*x - j*o - 61. Is x composite?
True
Let h(m) = m**3 + 6*m**2 - 8*m - 3. Let f be h(-7). Suppose f*w = 3*b + 119, -b - 108 = -4*w + 1. Is w prime?
False
Let n(y) = y**3 - 9*y**2 + y - 9. Let t be n(9). Suppose 648 = 4*b - k, -3*b + b - 4*k + 342 = t. Is b a composite number?
False
Let g(f) = 2*f**2 + 2*f + 3. Let c be g(-1). Let b(j) be the second derivative of j**5/10 - j**4/6 - 2*j**3/3 + j**2 + j. Is b(c) a prime number?
False
Suppose 4*x - 18 = -z, 0*z = 5*z + 5*x - 60. Let r be 8/z*10/4. Suppose 231 = b + r*b. Is b prime?
False
Let z(u) = u**3 + 12*u**2 - 9*u + 3. Is z(-10) a composite number?
False
Suppose -2*o - 18 = 4. Let y = o - -30. Is y prime?
True
Suppose 3*u - 5*t = 1013, u - 315 = -0*u - 4*t. Is u a composite number?
False
Suppose -2*q = 4*g - 0*g - 178, -321 = -4*q - g. Is q a composite number?
False
Suppose -3*i - i = -2*f - 6, 6 = 2*f. Is (-313)/(-4) + i/4 a composite number?
False
Suppose 2*l - l - 47 = 0. Is l prime?
True
Let z(m) = 281*m**2 + 2*m + 10. Is z(-3) a composite number?
True
Suppose -4*l = -7*l - 3, -o = -3*l - 1040. Is o prime?
False
Let l = -104 - -186. Let h = 148 - l. Suppose -h = -4*i + 10. Is i a prime number?
True
Suppose 0 = 5*k + h - 0*h - 14, -4*k = -4*h - 16. Let j(q) = -44*q - 1. Let b(f) = -f. Let g(a) = 4*b(a) - j(a). Is g(k) a composite number?
True
Suppose -2*a = a - 4*j - 1469, 5*a - 2443 = 4*j. Is a prime?
True
Let h(i) = i**3 - 10*i**2 + 6. Is h(11) prime?
True
Let h(q) = -q**3 - 5*q**2 + 7*q + 4. Let x be (28/8 - 0)*-2. Is h(x) prime?
True
Let a(i) = -i**2 + 7*i + 3. Let q be a(4). Let h(r) = 2*r**2 - 16*r - 19. Is h(q) composite?
False
Let o(n) = -186*n + 1. Is o(-1) a prime number?
False
Is (-282)/(-18)*(-2)/((-6)/9) composite?
False
Let m(s) = 311*s - 4. Is m(1) composite?
False
Suppose p + 2*m + 27 = 180, 3*p + 3*m = 474. Let i = 324 - p. Is i a prime number?
False
Let t = 781 + -362. Is t a prime number?
True
Let g(j) = 2*j**3 + 3*j**2 + 5*j + 94. Let r(h) = -h**3 - 2*h**2 - 3*h - 47. Let n(v) = 3*g(v) + 5*r(v). Is n(0) composite?
False
Let m = 149 - -52. Is m a composite number?
True
Suppose 2*z - 3 = -z. Is (-74)/(4*z/(-6)) a composite number?
True
Let c = -9 + 12. Is c/(-1) - 38*-5 a prime number?
False
Let a = 4502 + -2347. Is a a composite number?
True
Let u(s) = s**3 + 4*s**2 + s + 7. Let y be u(-4). Suppose -r + y*r - 38 = 0. Is r a prime number?
True
Let k(l) = l**3 + 8*l**2 + 8*l + 1. Let d be k(-7). Let y = 8 + d. Suppose y*w - 3*w + 4*p = -11, -2*w + 5*p = -22. Is w a prime number?
True
Is 2/5 - (-6318)/30 a prime number?
True
Suppose 2*i - 2734 = -4*s, -i - 3*i - s = -5447. Is i a prime number?
True
Let n be 2/3 - (-4)/3. Let a(w) =